{"id":52,"date":"2015-01-19T10:32:56","date_gmt":"2015-01-19T09:32:56","guid":{"rendered":"http:\/\/cskorn.de\/wordpress\/?page_id=52"},"modified":"2024-07-31T12:17:50","modified_gmt":"2024-07-31T12:17:50","slug":"dienstleistungen","status":"publish","type":"page","link":"https:\/\/edv-korn.de\/?page_id=52","title":{"rendered":"Dienstleistungen"},"content":{"rendered":"<ul>\n<li>Service f\u00fcr Computer, Laptop, Tablet, Mobiltelefon<\/li>\n<li>Programmierung von Datenbanken mit Microsoft ACCESS<\/li>\n<li>Installation von Microsoft-Produkten (Word, Excel, PowerPoint, Outlook, Access)<\/li>\n<li>Hilfe bei der Anwendung von Microsoft-Produkten (Word, Excel, PowerPoint, Outlook, Access)<\/li>\n<li>Ersteinrichtung neuer Computer<\/li>\n<li>Beratung bei Neuanschaffungen und Aufr\u00fcstungen<\/li>\n<li>Administration von Computern<\/li>\n<li>Neuinstallation des Betriebssystems (inklusive Updates), von Software und Treibern<\/li>\n<li>Montage und Aufbau neuer Computer, Netzwerke, Administration vorhandener Netzwerke<\/li>\n<li>Datensicherung, Einrichtung einer automatischen Datensicherung auf externe Datentr\u00e4ger (Systemeigen, Softwarebasiert mit VEEAM\u00ae)<\/li>\n<li>Unterst\u00fctzung bei DSL-Einrichtung, Einrichtung von IP-Telefonie\u00a0(Montage nach Absprache)<\/li>\n<li>Erstellung von Brosch\u00fcren, Flyern<\/li>\n<li>Erstellung von Pr\u00e4sentationen f\u00fcr Ihre Bed\u00fcrfnisse (Familienfeiern, Feste, Trauerfeiern, u\u00e4)<\/li>\n<li>weitere Leistungen nach Absprache<\/li>\n<\/ul>\n\n\n<p>&nbsp;<\/p>\n ","protected":false},"excerpt":{"rendered":"<p>Service f\u00fcr Computer, Laptop, Tablet, Mobiltelefon Programmierung von Datenbanken mit Microsoft ACCESS Installation von Microsoft-Produkten (Word, Excel, PowerPoint, Outlook, Access) Hilfe bei der Anwendung von Microsoft-Produkten (Word, Excel, PowerPoint, Outlook, Access) Ersteinrichtung neuer Computer Beratung bei Neuanschaffungen und Aufr\u00fcstungen Administration von Computern Neuinstallation des Betriebssystems (inklusive Updates), von Software und Treibern Montage und Aufbau neuer Computer, Netzwerke, Administration vorhandener Netzwerke Datensicherung, Einrichtung einer automatischen Datensicherung auf externe Datentr\u00e4ger (Systemeigen, Softwarebasiert mit VEEAM\u00ae) Unterst\u00fctzung bei DSL-Einrichtung, Einrichtung von IP-Telefonie\u00a0(Montage nach Absprache) Erstellung von Brosch\u00fcren, Flyern Erstellung von Pr\u00e4sentationen f\u00fcr Ihre Bed\u00fcrfnisse (Familienfeiern, Feste, Trauerfeiern, u\u00e4) weitere Leistungen nach Absprache &nbsp;<\/p>\n","protected":false},"author":1,"featured_media":0,"parent":84,"menu_order":3,"comment_status":"closed","ping_status":"closed","template":"","meta":{"footnotes":""},"class_list":["post-52","page","type-page","status-publish","hentry"],"acf":[],"_links":{"self":[{"href":"https:\/\/edv-korn.de\/index.php?rest_route=\/wp\/v2\/pages\/52","targetHints":{"allow":["GET"]}}],"collection":[{"href":"https:\/\/edv-korn.de\/index.php?rest_route=\/wp\/v2\/pages"}],"about":[{"href":"https:\/\/edv-korn.de\/index.php?rest_route=\/wp\/v2\/types\/page"}],"author":[{"embeddable":true,"href":"https:\/\/edv-korn.de\/index.php?rest_route=\/wp\/v2\/users\/1"}],"replies":[{"embeddable":true,"href":"https:\/\/edv-korn.de\/index.php?rest_route=%2Fwp%2Fv2%2Fcomments&post=52"}],"version-history":[{"count":6,"href":"https:\/\/edv-korn.de\/index.php?rest_route=\/wp\/v2\/pages\/52\/revisions"}],"predecessor-version":[{"id":666,"href":"https:\/\/edv-korn.de\/index.php?rest_route=\/wp\/v2\/pages\/52\/revisions\/666"}],"up":[{"embeddable":true,"href":"https:\/\/edv-korn.de\/index.php?rest_route=\/wp\/v2\/pages\/84"}],"wp:attachment":[{"href":"https:\/\/edv-korn.de\/index.php?rest_route=%2Fwp%2Fv2%2Fmedia&parent=52"}],"curies":[{"name":"wp","href":"https:\/\/api.w.org\/{rel}","templated":true}]}}