{"id":21,"date":"2015-01-18T14:09:02","date_gmt":"2015-01-18T13:09:02","guid":{"rendered":"http:\/\/cskorn.de\/wordpress\/?page_id=21"},"modified":"2025-08-02T12:57:16","modified_gmt":"2025-08-02T12:57:16","slug":"wer-bin-ich","status":"publish","type":"page","link":"https:\/\/edv-korn.de\/?page_id=21","title":{"rendered":"Wer bin ich"},"content":{"rendered":"<div id=\"3_1\" class=\"S1\">\n<div align=\"left\"><span class=\"S14\"><span class=\"S14\"><br \/>Meine Firma <strong>EDV Korn<\/strong> wurde 2010 gegr\u00fcndet und hat sich von einem Datenbank-Dienstleister f\u00fcr Microsoft ACCESS zu einem umfassenden Service f\u00fcr Ihre Computer entwickelt.<\/span><\/span><\/div>\n<div align=\"left\">\u00a0<\/div>\n<div align=\"left\"><span class=\"S15\">Sie brauchen Hilfe beim Ersteinrichten\/Einrichten eines Computers?<br \/><\/span><\/div>\n<div align=\"left\">\u00a0<\/div>\n<div align=\"left\"><span class=\"S15\">Sie haben Software gekauft und wissen nicht, wie weiter?<br \/><\/span><\/div>\n<div align=\"left\">\u00a0<\/div>\n<div align=\"left\"><span class=\"S15\">Der Computer funktioniert nicht wie Sie es sich vorgestellt haben?<\/span><\/div>\n<\/div>\n<div id=\"3_1\" class=\"S1\">\n<div align=\"left\">\u00a0<\/div>\n<div align=\"left\"><span class=\"S14\"><span class=\"S14\">Oft sind es nur Kleinigkeiten, die Funktionen der Computer st\u00f6ren oder ganz ausfallen lassen.<\/span><\/span><\/div>\n<\/div>\n<div align=\"left\">\u00a0<\/div>\n<div align=\"left\">Sie suchen nach individuellen Datenbankl\u00f6sungen? (Lokal, Online)<\/div>\n<div align=\"left\">\u00a0<\/div>\n<div align=\"left\">\u00a0<\/div>\n\n\n<p><em><strong>Sie suchen ein individuelles Programm f\u00fcr Ihren t\u00e4glichen<\/strong><\/em><strong> Abla<\/strong><strong>uf<\/strong><em><strong> im Unternehmen?<\/strong><\/em><\/p>\n\n\n\n<p>Ich programmiere seit Jahren auf der Basis von Microsoft\u00ae Access\u00ae Datenerfassungen verschiedener Auspr\u00e4gungen. Die von mir programmierte <strong>Datenerfassung Rettungsdienst<\/strong> wurde eingestellt.<br>In den Jahren vor meiner Selbst\u00e4ndigkeit bis heute war ich neben meinem Beruf Rettungsassistent als Systemadministrator in einem Unternehmen t\u00e4tig.<br>Am Anfang noch als Programmierer der von mir entwickelten <strong>Datenerfassung Rettungsdienst<\/strong> wurden die Aufgaben immer komplexer, bis zur Betreuung des gesamten Systems als IT-Verantwortlicher.<\/p>\n\n\n\n<p><\/p>\n ","protected":false},"excerpt":{"rendered":"<p>Meine Firma EDV Korn wurde 2010 gegr\u00fcndet und hat sich von einem Datenbank-Dienstleister f\u00fcr Microsoft ACCESS zu einem umfassenden Service f\u00fcr Ihre Computer entwickelt. \u00a0 Sie brauchen Hilfe beim Ersteinrichten\/Einrichten eines Computers? \u00a0 Sie haben Software gekauft und wissen nicht, wie weiter? \u00a0 Der Computer funktioniert nicht wie Sie es sich vorgestellt haben? \u00a0 Oft sind es nur Kleinigkeiten, die Funktionen der Computer st\u00f6ren oder ganz ausfallen lassen. \u00a0 Sie suchen nach individuellen Datenbankl\u00f6sungen? (Lokal, Online) \u00a0 \u00a0 Sie suchen ein individuelles Programm f\u00fcr Ihren t\u00e4glichen Ablauf im Unternehmen? Ich programmiere seit Jahren auf der Basis von Microsoft\u00ae Access\u00ae Datenerfassungen verschiedener Auspr\u00e4gungen. Die von mir programmierte Datenerfassung Rettungsdienst wurde eingestellt.In den Jahren vor meiner Selbst\u00e4ndigkeit bis heute war ich neben meinem Beruf Rettungsassistent als Systemadministrator in einem Unternehmen t\u00e4tig.Am Anfang noch als Programmierer der von mir entwickelten Datenerfassung Rettungsdienst wurden die Aufgaben immer komplexer, bis zur Betreuung des gesamten Systems als IT-Verantwortlicher.<\/p>\n","protected":false},"author":1,"featured_media":0,"parent":84,"menu_order":1,"comment_status":"closed","ping_status":"closed","template":"","meta":{"footnotes":""},"class_list":["post-21","page","type-page","status-publish","hentry"],"acf":[],"_links":{"self":[{"href":"https:\/\/edv-korn.de\/index.php?rest_route=\/wp\/v2\/pages\/21","targetHints":{"allow":["GET"]}}],"collection":[{"href":"https:\/\/edv-korn.de\/index.php?rest_route=\/wp\/v2\/pages"}],"about":[{"href":"https:\/\/edv-korn.de\/index.php?rest_route=\/wp\/v2\/types\/page"}],"author":[{"embeddable":true,"href":"https:\/\/edv-korn.de\/index.php?rest_route=\/wp\/v2\/users\/1"}],"replies":[{"embeddable":true,"href":"https:\/\/edv-korn.de\/index.php?rest_route=%2Fwp%2Fv2%2Fcomments&post=21"}],"version-history":[{"count":5,"href":"https:\/\/edv-korn.de\/index.php?rest_route=\/wp\/v2\/pages\/21\/revisions"}],"predecessor-version":[{"id":699,"href":"https:\/\/edv-korn.de\/index.php?rest_route=\/wp\/v2\/pages\/21\/revisions\/699"}],"up":[{"embeddable":true,"href":"https:\/\/edv-korn.de\/index.php?rest_route=\/wp\/v2\/pages\/84"}],"wp:attachment":[{"href":"https:\/\/edv-korn.de\/index.php?rest_route=%2Fwp%2Fv2%2Fmedia&parent=21"}],"curies":[{"name":"wp","href":"https:\/\/api.w.org\/{rel}","templated":true}]}}